-->

NOAA-Style Climate Reports

Select a Year or Month report
2021: Jan | Feb | Mar | Apr | May | Jun | Jul | Aug | Sep | Oct | Nov | Dec |
2020: Jan | Feb | Mar | Apr | May | Jun | Jul | Aug | Sep | Oct | Nov | Dec |
2019: Jan | Feb | Mar | Apr | May | Jun | Jul | Aug | Sep | Oct | Nov | Dec |
2018: Jan | Feb | Mar | Apr | May | Jun | Jul | Aug | Sep | Oct | Nov | Dec |
2017: Jan | Feb | Mar | Apr | May | Jun | Jul | Aug | Sep | Oct | Nov | Dec |
2016: Jan | Feb | Mar | Apr | May | Jun | Jul | Aug | Sep | Oct | Nov | Dec |
2015: Jan | Feb | Mar | Apr | May | Jun | Jul | Aug | Sep | Oct | Nov | Dec |
2014: Jan | Feb | Mar | Apr | May | Jun | Jul | Aug | Sep | Oct | Nov | Dec |
2013: Jan | Feb | Mar | Apr | May | Jun | Jul | Aug | Sep | Oct | Nov | Dec |
2012: Jan | Feb | Mar | Apr | May | Jun | Jul | Aug | Sep | Oct | Nov | Dec |
2011: Jan | Feb | Mar | Apr | May | Jun | Jul | Aug | Sep | Oct | Nov | Dec |
2010: Jan | Feb | Mar | Apr | May | Jun | Jul | Aug | Sep | Oct | Nov | Dec |
2009: Jan | Feb | Mar | Apr | May | Jun | Jul | Aug | Sep | Oct | Nov | Dec |
2008: Jan | Feb | Mar | Apr | May | Jun | Jul | Aug | Sep | Oct | Nov | Dec |
2007: Jan | Feb | Mar | Apr | May | Jun | Jul | Aug | Sep | Oct | Nov | Dec |
2006: Jan | Feb | Mar | Apr | May | Jun | Jul | Aug | Sep | Oct | Nov | Dec |
2005: Jan | Feb | Mar | Apr | May | Jun | Jul | Aug | Sep | Oct | Nov | Dec |
2004: Jan | Feb | Mar | Apr | May | Jun | Jul | Aug | Sep | Oct | Nov | Dec |
2003: Jan | Feb | Mar | Apr | May | Jun | Jul | Aug | Sep | Oct | Nov | Dec |

Report for 2021 October
                   MONTHLY CLIMATOLOGICAL SUMMARY for OCT. 2021

NAME: Patrick Nijs   CITY: Heist-op-den-Berg   STATE: Belgium 
ELEV:    15 m  LAT:  51° 04' 15" N  LONG:   4° 42' 13" E

                   TEMPERATURE (°C), RAIN  (mm), WIND SPEED (km/hr)

                                      HEAT  COOL        AVG
    MEAN                              DEG   DEG         WIND                 DOM
DAY TEMP  HIGH   TIME   LOW    TIME   DAYS  DAYS  RAIN  SPEED HIGH   TIME    DIR
------------------------------------------------------------------------------------
 1  13.5  16.9   13:30  11.0    1:30   4.8   0.0   3.4   1.0  27.4   16:00     S
 2  14.2  16.6   22:45  11.0    7:45   4.1   0.0   4.0   1.4  37.0   22:30   SSE
 3  13.3  16.7    4:45  11.2   15:15   5.0   0.0  21.4   1.3  29.0    4:45     S
 4  13.6  18.3   15:45  10.1    5:30   4.7   0.0   0.0   1.4  30.6   13:45   SSE
 5  12.8  16.4   12:15  10.6    7:00   5.5   0.0  11.8   1.4  29.0   21:45    SE
 6  11.6  13.7   16:30  10.1    8:00   6.8   0.0   3.8   2.7  27.4   14:30     W
 7  13.2  18.4   17:15   9.1    8:15   5.1   0.0   0.4   0.0  11.3    1:45     W
 8  10.9  17.3   16:30   6.4    8:00   7.3   0.0   0.2   0.0  12.9   14:30   ENE
 9  12.0  18.6   16:30   7.7    8:30   6.3   0.0   0.2   0.2  11.3   12:00   ENE
10   9.9  16.6   15:45   4.8    7:45   8.4   0.0   0.2   0.0   9.7   14:00   WNW
11  11.9  15.4   16:00   8.7    8:30   6.4   0.0   1.0   0.3  14.5   13:30     W
12  10.5  13.7   17:30   5.3   00:00   7.8   0.0   3.0   1.0  24.1   14:15     W
13   9.4  14.2   16:15   4.7    1:30   8.9   0.0   0.2   0.5  14.5   12:30     W
14  11.8  14.2   16:00   9.5    0:15   6.5   0.0   0.0   1.0  17.7   12:15   WSW
15  11.3  15.3   17:15   7.9   00:00   7.0   0.0   0.4   0.5  17.7   10:15   WSW
16   8.4  14.5   15:45   4.2    4:30   9.8   0.0   0.0   0.0   4.8   13:00    NE
17   9.6  14.7   16:30   4.5    1:30   8.7   0.0   0.0   0.0   9.7   11:30   SSE
18  10.8  17.2   16:00   5.0    5:30   7.5   0.0   0.0   0.3  14.5   13:15   SSE
19  14.8  16.1   11:15  14.1    2:30   1.6   0.0   2.6   0.5  14.5    9:45   SSE
20
21
22
23
24
25
26
27
28
29
30
31
-------------------------------------------------------------------------------------
    11.8  18.6     9     4.2    16   122.4   0.0  52.6   0.7  37.0     2     SSE

Max >=  32.0:  0
Max <=   0.0:  0
Min <=   0.0:  0
Min <= -18.0:  0
Max Rain: 21.41 ON 03/10/21
Days of Rain: 14 (> .2 mm) 7 (> 2 mm) 1 (> 20 mm)
Heat Base:  18.3  Cool Base:  18.3  Method: Integration
Benelux Weer Netwerk cwop awekas hwa wcloud pwsweather wow wow