NOAA-Style Climate Reports

Select a Year or Month report
2018: Jan | Feb | Mar | Apr | May | Jun | Jul | Aug | Sep | Oct | Nov | Dec |
2017: Jan | Feb | Mar | Apr | May | Jun | Jul | Aug | Sep | Oct | Nov | Dec |
2016: Jan | Feb | Mar | Apr | May | Jun | Jul | Aug | Sep | Oct | Nov | Dec |
2015: Jan | Feb | Mar | Apr | May | Jun | Jul | Aug | Sep | Oct | Nov | Dec |
2014: Jan | Feb | Mar | Apr | May | Jun | Jul | Aug | Sep | Oct | Nov | Dec |
2013: Jan | Feb | Mar | Apr | May | Jun | Jul | Aug | Sep | Oct | Nov | Dec |
2012: Jan | Feb | Mar | Apr | May | Jun | Jul | Aug | Sep | Oct | Nov | Dec |
2011: Jan | Feb | Mar | Apr | May | Jun | Jul | Aug | Sep | Oct | Nov | Dec |
2010: Jan | Feb | Mar | Apr | May | Jun | Jul | Aug | Sep | Oct | Nov | Dec |
2009: Jan | Feb | Mar | Apr | May | Jun | Jul | Aug | Sep | Oct | Nov | Dec |
2008: Jan | Feb | Mar | Apr | May | Jun | Jul | Aug | Sep | Oct | Nov | Dec |
2007: Jan | Feb | Mar | Apr | May | Jun | Jul | Aug | Sep | Oct | Nov | Dec |
2006: Jan | Feb | Mar | Apr | May | Jun | Jul | Aug | Sep | Oct | Nov | Dec |
2005: Jan | Feb | Mar | Apr | May | Jun | Jul | Aug | Sep | Oct | Nov | Dec |
2004: Jan | Feb | Mar | Apr | May | Jun | Jul | Aug | Sep | Oct | Nov | Dec |
2003: Jan | Feb | Mar | Apr | May | Jun | Jul | Aug | Sep | Oct | Nov | Dec |

Report for 2018 June
                   MONTHLY CLIMATOLOGICAL SUMMARY for JUN. 2018

NAME: Patrick Nijs   CITY: Heist-op-den-Berg   STATE: Belgium 
ELEV:    15 m  LAT:  51° 04' 15" N  LONG:   4° 42' 13" E

                   TEMPERATURE (°C), RAIN  (mm), WIND SPEED (km/hr)

                                      HEAT  COOL        AVG
    MEAN                              DEG   DEG         WIND                 DOM
DAY TEMP  HIGH   TIME   LOW    TIME   DAYS  DAYS  RAIN  SPEED HIGH   TIME    DIR
------------------------------------------------------------------------------------
 1  17.7  20.9    0:15  16.4   22:15   0.7   0.1  30.6   0.5  16.1   11:15     W
 2  17.2  19.8   19:00  15.1    6:15   1.3   0.3   0.0   0.8  16.1   12:00   WSW
 3  20.1  26.1   18:30  14.1    6:00   1.0   2.8   0.0   0.0  11.3   13:45   WNW
 4  20.7  25.9   15:00  15.7    5:30   0.6   3.1   0.0   0.2  14.5   14:30   WNW
 5  17.4  21.3   19:00  15.1    3:00   1.3   0.4   0.0   0.3  12.9    0:15   ENE
 6  21.2  29.5   17:00  12.6    6:00   1.6   4.4   0.0   0.8  17.7   15:45   ENE
 7  21.1  24.9   17:15  18.1   10:00   0.0   2.8   0.2   0.2   9.7    5:00   WNW
 8  19.8  24.8   16:15  16.8    8:30   0.4   1.9   1.4   0.2  11.3   10:30   WNW
 9  21.0  26.9   17:30  15.9    5:30   0.6   3.2   0.0   0.0  12.9   15:45   WNW
10  21.6  26.7   17:15  16.5    6:30   0.3   3.5   0.0   0.0  14.5   12:15   WNW
11  19.7  24.8   15:45  15.1    6:00   0.7   2.1   0.0   0.8  19.3   14:15   ENE
12  16.2  20.1   16:00  13.2   00:00   2.3   0.1   0.0   0.3  16.1    7:15   ENE
13  15.4  19.3   17:00  10.6    4:00   3.1   0.1   0.0   0.0  11.3   11:45    NW
14  15.7  19.8   12:15  10.5    5:45   2.8   0.2   0.4   0.6  24.1   12:00   SSW
15  18.5  24.6   15:45  11.6    6:00   1.9   2.1   0.2   0.2  16.1   21:30   SSW
16  18.0  23.0   14:45  13.7    6:00   1.5   1.2   0.0   1.4  19.3   15:15     W
17  16.3  18.5   19:45  14.2    6:30   2.0   0.0   0.0   1.9  24.1   20:45     W
18  17.7  20.8   20:00  15.7    3:00   1.0   0.5   0.0   1.6  25.7   16:30     W
19  17.9  20.9   18:30  14.4    3:30   1.1   0.7   0.0   0.3  14.5    2:00     W
20  21.4  27.2   18:30  17.2    6:45   0.2   3.4   0.0   1.3  19.3   17:00     W
21  17.5  20.6    0:15  15.5    8:30   0.4   0.1   0.0   2.4  20.9    7:15     W
22
23
24
25
26
27
28
29
30
-------------------------------------------------------------------------------------
    18.7  29.5     6    10.5    14    24.6  33.1  32.8   0.7  25.7    18       W

Max >=  32.0:  0
Max <=   0.0:  0
Min <=   0.0:  0
Min <= -18.0:  0
Max Rain: 30.61 ON 01/06/18
Days of Rain: 5 (> .2 mm) 1 (> 2 mm) 1 (> 20 mm)
Heat Base:  18.3  Cool Base:  18.3  Method: Integration